cond derivative of -x**3/6 - x**2 + 2*x. Let g be b(-4). What are the prime factors of g*-1 - (0 - 8)?
2, 3
Let o = -6 + 8. Let s be o/(4/(-6)) + 20. Let u = -10 + s. What are the prime factors of u?
7
Let l(c) = c - 2. Let m be l(6). Suppose -t - m*t = 20. Let u(d) = -4*d - 1. List the prime factors of u(t).
3, 5
Let u be (-6)/(-3) - (3 - -2). Let c(i) be the third derivative of i**6/120 + i**5/20 - i**4/24 + i**3/3 - i**2. List the prime factors of c(u).
5
What are the prime factors of (-6931)/(-116) - 3*(-2)/(-8)?
59
Let j(s) = -s**3 + 4*s**2 + 7*s - 4. Let l be j(5). Suppose 2*m + l = -p - 2*p, -p = -3*m - 9. Suppose 5*n + 5 - 20 = p. What are the prime factors of n?
3
Let k be ((0/4)/(-1))/2. Suppose 2*c + 5*v - 87 = k, -2*c = 3*v - v - 78. List the prime factors of c.
2, 3
Let n(t) = 3*t**2 + 4*t - 19. What are the prime factors of n(-6)?
5, 13
Let p(t) = -8*t**2 - 2*t - 1. Let h be p(-1). Let f = h - -16. What are the prime factors of f?
3
Let c(k) = -4*k - 8. Let d be c(-8). Let u = -13 + d. What are the prime factors of u?
11
Suppose -1 - 4 = -v. Let m(o) = -o**2 + 6*o + 5. What are the prime factors of m(v)?
2, 5
Suppose 71 = 2*y - 27. List the prime factors of y.
7
Let b(f) = f**3 - 5*f**2 - 8*f + 7. Let m be b(6). Let y = m + 8. What are the prime factors of y?
3
What are the prime factors of 7*5 + (-8)/8?
2, 17
Let a be 38/133 - 144/14. Let k(z) = 3*z + 14 - 2 - 2*z. What are the prime factors of k(a)?
2
Let t(d) = -2*d + 2. Let y(v) = 2*v**2 - 6*v + 6. Let h be y(5). Suppose 4*r + h = -2*s, -3*s = 2*r + 10 - 3. What are the prime factors of t(r)?
2, 3
Suppose -2*r + 5*k = r + 7, 3*k - 6 = 0. Let u(a) = 2*a**2 + a - 1. Let c be u(r). Let i(h) = h**3 + h**2 - h + 2. List the prime factors of i(c).
2, 3
Let q = -27 - -15. Let j(m) = -m**3 - 13*m**2 - 16*m + 8. What are the prime factors of j(q)?
2, 7
Suppose -3*u + 2*u = -52. Suppose 5*k - 3*f = u + 6, k - 6 = -5*f. List the prime factors of k.
11
Let x be (-3)/2*(-16)/6. Suppose l = -x*m + 17, 5*l - l - 28 = 4*m. List the prime factors of l.
3
Suppose 0 = 5*b - 151 - 1349. List the prime factors of b.
2, 3, 5
Let a = 144 - 65. Suppose 3*f + 13 = a. Let d = 33 - f. List the prime factors of d.
11
Let p = -79 + 219. List the prime factors of p.
2, 5, 7
Suppose -3*k + 16 = k. Suppose k*m - 3*m - 11 = 0. What are the prime factors of m?
11
Let z = -18 + -7. What are the prime factors of ((-9)/15)/(1/z)?
3, 5
Let b = -14 - -21. List the prime factors of b.
7
Let o = 3 - 15. Let u(r) = -r**2 - 9*r + 1. Let c be u(-4). Let v = o + c. What are the prime factors of v?
3
Let h = -16 - -23. Let q(a) = -a**2 + 7*a + 2. Let w be q(h). Suppose 0 = -4*x - w*u - 2*u + 72, -x - 4*u + 24 = 0. List the prime factors of x.
2
Let l(j) = 6*j**2 + 5*j + 4. Let u(b) = -4*b**2 - 3*b - 3. Let v(x) = 5*l(x) + 7*u(x). List the prime factors of v(-4).
3, 5
Suppose -2*n - 20 = -5*z, -3*n - 16 = -3*z - z. Suppose -z = 3*h - 16. Suppose -o + h*o = 36. What are the prime factors of o?
2, 3
Let s(o) = -o + 4. Let c(m) = m**3 + 9*m**2 + 8*m + 2. Let j be c(-8). Suppose 3 = -t, -3 = -j*l + 2*t - t. What are the prime factors of s(l)?
2
Suppose 6*r + 1630 = 16*r. What are the prime factors of r?
163
Suppose 2*y - 6 = -0*y. Suppose -y*o - 9 = 0, 2*v + 20 - 5 = -3*o. List the prime factors of 1 - 0/v - -9.
2, 5
Suppose -o + 2*k - 90 = -3*o, -4*k = 12. List the prime factors of o.
2, 3
Suppose -3*f - 3 = -3*t, 0*f - 26 = -4*f - 2*t. Let s be ((-8)/10)/(f/(-10)). Suppose s*j - 13 = 23. List the prime factors of j.
2, 3
List the prime factors of -2 - (2/8 + 698/(-8)).
5, 17
Let c be 0 - 5/((-5)/(-2)). Suppose -12 = -2*o - 2*o, a + 3*o = 43. List the prime factors of c/(-6)*(a - 1).
11
Let p = 5 - 6. List the prime factors of (-2 - 1)*(p + 0).
3
Suppose 16*v + 34 = 17*v. What are the prime factors of v?
2, 17
Let f(l) be the third derivative of -l**5/60 - 5*l**4/12 + 7*l**3/3 - 2*l**2. List the prime factors of f(-10).
2, 7
Suppose -92 = -4*p + 116. List the prime factors of p.
2, 13
Suppose 5*f - 1 - 4 = 0. Suppose 0 = -2*j - r + 20, 5 = -2*j + 5*r + f. List the prime factors of j.
2
Suppose 0 = 3*u - 6, -3*i - 5*u + 241 = 0. Let l = i + -52. What are the prime factors of l?
5
Suppose 0*u = -u + 27. What are the prime factors of u?
3
Let s(g) = 8*g**3 + 6*g**2 - 9*g - 4. What are the prime factors of s(3)?
239
Let r be (-2)/((-1*2)/4). Let a(l) = -6*l**2 + 6*l + 8 + 5*l**2 + 5 - 17. What are the prime factors of a(r)?
2
Let g = -153 - -313. What are the prime factors of g?
2, 5
Let x(i) = -44*i**3 + i**2 + 2*i + 1. What are the prime factors of x(-1)?
2, 11
Suppose -1092 = -4*n - 9*n. List the prime factors of n.
2, 3, 7
Suppose 81 = -2*q + 5*q. Suppose 2*j + q = 3*v, v + j - 8 = 2*j. What are the prime factors of v?
11
Let q be (-1)/4 - 404/(-16). Suppose -4*c = -7 - q. List the prime factors of c.
2
Suppose -3*d = 13 + 5. List the prime factors of 14*4/((-16)/d).
3, 7
Let l be (-54)/7 + (-2)/7. Let x(h) = h**2 + 8*h + 12. Let u be x(l). List the prime factors of (68/6)/(8/u).
17
Let r = -16 - -33. List the prime factors of r.
17
What are the prime factors of 21*((-20)/(-3) - 3)?
7, 11
Let y(m) be the first derivative of m**2/2 + 27*m - 3. Let i be y(0). Suppose -3*t = -i - 9. List the prime factors of t.
2, 3
What are the prime factors of (107 - 9)*(-2)/(-4)?
7
Suppose d - 2 = 0, 4*w = 5*d - 1 - 1. Suppose w*g - 16 = 3*x, -2*x - 7 = 4*g + 25. Let r(q) = -q**3 - 9*q**2 - 8*q + 2. List the prime factors of r(x).
2
Let u = -228 - -353. What are the prime factors of u?
5
Let x(r) be the first derivative of -9*r**2 + 9*r**2 + 4*r**4 - 1. What are the prime factors of x(1)?
2
What are the prime factors of ((-35)/(-10) + -4)*-38?
19
Let o(c) = 4*c**2 + 21*c + 18. What are the prime factors of o(-8)?
2, 53
Let q = 618 + -339. List the prime factors of q.
3, 31
Let u = 9 - 4. Suppose -f = 2*f - u*g - 4, 0 = -f + g + 4. List the prime factors of f.
2
Suppose 36 = -4*l + 128. Suppose 0 = 4*q + 3*g - 4 - l, 2*q - 4*g - 8 = 0. List the prime factors of q.
2, 3
Let l(i) = i**2 + 4*i - 7. Let f be l(-6). List the prime factors of 2/f - (-43)/5.
3
Suppose -68 + 332 = 11*n. What are the prime factors of n?
2, 3
Let c = 204 + -46. What are the prime factors of c?
2, 79
Let v be (-5 - -3)/(-1) + -2. Suppose v = 3*p - 16 + 4. What are the prime factors of (-676)/(-36) + p/18?
19
Let q(s) = s**3 + 4*s**2 + 3*s + 1. Let a be q(-2). Let l be (0 + a - 4) + 2. Suppose 4*c = 9 - l. What are the prime factors of c?
2
Let a be (-2)/9 - 228/(-54). Suppose -r + 66 = r - 2*b, 3*r = -a*b + 113. List the prime factors of r.
5, 7
List the prime factors of 3/(-2)*612/(-27).
2, 17
Let x be (-2)/(-2) + (-2 - -2). What are the prime factors of 52 - -3 - (-5 + x)?
59
Let x be 0 + -5 + 0/(-5). Let i(w) = w**3 + 6*w**2 + 4*w + 2. What are the prime factors of i(x)?
7
Let q = 13 - -8. What are the prime factors of (-35)/(-3) - 14/q?
11
Let m(s) = s**2 + s - 2. Let a = -3 + 1. Let c be m(a). Suppose w - x - 19 = c, 5*x = -2*w - 0*w + 10. What are the prime factors of w?
3, 5
Let u be (-5)/1*9/(-15). Suppose 0 = -u*m + 6*m - 36. What are the prime factors of m?
2, 3
Let q(r) = r**3 + 12*r**2 - r - 10. Let m be q(-12). Suppose -m*i = -i - 12. What are the prime factors of i?
2, 3
Let u = 18 - -7. What are the prime factors of u?
5
Suppose -5*b - 2*g + 45 = -0*g, -2*g + 17 = b. What are the prime factors of b?
7
List the prime factors of (-955)/(-10) - (-5)/2.
2, 7
Let t(r) = -2*r - 2. Suppose 0*i = -i + 4. Let j be ((-2)/i)/((-1)/(-4)). What are the prime factors of t(j)?
2
Let q(h) = -h**3 + 8*h**2 + 2. Let i be q(8). What are the prime factors of ((-8)/2)/i + 26?
2, 3
Suppose 2*f - 96 = -4*r - 0*f, -4*r = -2*f - 88. What are the prime factors of r?
23
What are the prime factors of 1/2*(-14)/(-1)?
7
Let z = -20 - -35. List the prime factors of 145/z - (-2)/6.
2, 5
Suppose 5*m + 1 + 2 = 2*c, -15 = -4*c + m. Suppose c*g = 16 + 4. List the prime factors of g.
5
Let g(q) be the third derivative of q**4/12 + 2*q**3/3 - 3*q**2. What are the prime factors of g(4)?
2, 3
Suppose 36 + 6 = 3*i. List the prime factors of i.
2, 7
Suppose -702 = -14*m + 8*m. List the prime factors of m.
3, 13
Let o be (2/3)/(1/3). Suppose 23 = o*r - 9. Suppose 3*b + 7 - r = 0. List the pri